composite number?
False
Is 77417 a prime number?
True
Is 51539 a prime number?
True
Is 124111 a prime number?
False
Is 17539 a prime number?
True
Is 27617 a prime number?
True
Is 61331 prime?
True
Is 461659 a prime number?
False
Is 38537 prime?
False
Is 794 a prime number?
False
Is 135367 a composite number?
False
Is 13259 composite?
False
Is 1171 prime?
True
Is 254 prime?
False
Is 3067 a composite number?
False
Is 27457 a prime number?
True
Is 68433 a composite number?
True
Is 4591 prime?
True
Is 2081581 composite?
False
Is 214579 composite?
True
Is 2863 a composite number?
True
Is 19571 a prime number?
True
Is 39599 prime?
False
Is 160007 a prime number?
False
Is 114721 a composite number?
True
Is 1028297 a composite number?
True
Is 287941 composite?
True
Is 1471 prime?
True
Is 409447 composite?
True
Is 817529 a prime number?
True
Is 31469 a prime number?
True
Is 4359 prime?
False
Is 110659 a prime number?
False
Is 97499 a prime number?
True
Is 63937 a composite number?
True
Is 295 prime?
False
Is 54401 a prime number?
True
Is 7517 a composite number?
False
Is 29033 composite?
False
Is 76997 prime?
False
Is 580067 composite?
True
Is 235439 composite?
False
Is 851153 a composite number?
False
Is 26801 prime?
True
Is 656059 composite?
True
Is 37451 a prime number?
False
Is 135559 composite?
False
Is 44809 prime?
True
Is 1493303 a composite number?
True
Is 653 prime?
True
Is 33547 prime?
True
Is 7039 prime?
True
Is 27983 composite?
False
Is 603719 composite?
False
Is 4699 composite?
True
Is 519539 prime?
True
Is 6641 composite?
True
Is 1703803 composite?
True
Is 7187 composite?
False
Is 75122 composite?
True
Is 59047 a composite number?
True
Is 345343 a composite number?
True
Is 167659 prime?
False
Is 50011 a prime number?
False
Is 432227 composite?
False
Is 1537 prime?
False
Is 232543 a prime number?
False
Is 36037 a composite number?
False
Is 80557 composite?
False
Is 28751 prime?
True
Is 12539 prime?
True
Is 29242 a composite number?
True
Is 22769 prime?
True
Is 5323 a composite number?
False
Is 29383 prime?
True
Is 17527 a prime number?
False
Is 6803 prime?
True
Is 55793 composite?
False
Is 403181 a prime number?
True
Is 21923 composite?
True
Is 54293 a composite number?
False
Is 745649 a prime number?
True
Is 179261 prime?
True
Is 218939 prime?
False
Is 7993 a composite number?
False
Is 3167081 a prime number?
True
Is 45599 a composite number?
False
Is 504239 a prime number?
False
Is 196159 a prime number?
True
Is 9967 prime?
True
Is 93061 a prime number?
False
Is 226813 composite?
False
Is 1981507 composite?
True
Is 221681 a prime number?
False
Is 3613 a prime number?
True
Is 50613 a prime number?
False
Is 452647 prime?
False
Is 22303 a composite number?
False
Is 1684343 a prime number?
False
Is 253229 composite?
False
Is 9673 a prime number?
False
Is 61283 a prime number?
True
Is 22247 a composite number?
False
Is 1588057 composite?
True
Is 9059 a prime number?
True
Is 198761 a composite number?
False
Is 23663 prime?
True
Is 38021 prime?
False
Is 10493 a composite number?
True
Is 40991 a composite number?
True
Is 40301 a composite number?
True
Is 2206 a prime number?
False
Is 559 composite?
True
Is 304253 a composite number?
False
Is 7103 a composite number?
False
Is 91571 prime?
True
Is 114467 a composite number?
False
Is 344842 composite?
True
Is 20297 a prime number?
True
Is 140981 a prime number?
False
Is 17893 prime?
False
Is 1937213 a prime number?
False
Is 70601 composite?
True
Is 280762 composite?
True
Is 34807 composite?
False
Is 1050929 composite?
True
Is 123931 a composite number?
False
Is 42153 composite?
True
Is 66137 prime?
True
Is 841343 a prime number?
False
Is 27127 a prime number?
True
Is 4561 a composite number?
False
Is 26639 a prime number?
False
Is 3841 composite?
True
Is 1163 prime?
True
Is 80903 a composite number?
True
Is 53854 a prime number?
False
Is 69205 a prime number?
False
Is 48907 a composite number?
False
Is 748463 a prime number?
True
Is 129205 composite?
True
Is 24791 prime?
False
Is 442571 prime?
True
Is 10919 a composite number?
True
Is 623215 a prime number?
False
Is 155371 composite?
False
Is 25429 prime?
False
Is 29431 a prime number?
False
Is 138461 a composite number?
False
Is 451 a prime number?
False
Is 78418 prime?
False
Is 36053 composite?
True
Is 2210171 composite?
False
Is 3722009 prime?
True
Is 6143 prime?
True
Is 328033 a composite number?
True
Is 67573 a composite number?
True
Is 359747 composite?
False
Is 6731 prime?
False
Is 107999 a prime number?
True
Is 260317 prime?
True
Is 359311 composite?
False
Is 17953 a prime number?
False
Is 40091 composite?
True
Is 31511 composite?
False
Is 410021 composite?
True
Is 38933 composite?
False
Is 2477 a composite number?
False
Is 694601 prime?
False
Is 86749 composite?
True
Is 76731 a composite number?
True
Is 43249 a prime number?
False
Is 373969 composite?
False
Is 2435831 prime?
True
Is 159497 prime?
False
Is 2631851 prime?
True
Is 1220033 a composite number?
True
Is 2067511 a composite number?
False
Is 1233406 a prime number?
False
Is 285037 composite?
True
Is 333161 prime?
True
Is 14757 composite?
True
Is 54413 prime?
True
Is 90653 prime?
False
Is 534971 composite?
False
Is 22951 prime?
False
Is 830549 composite?
False
Is 918397 a prime number?
True
Is 104513 a prime number?
True
Is 273653 a composite number?
False
Is 78877 composite?
False
Is 1243 prime?
False
Is 56471 composite?
True
Is 739462 a composite number?
True
Is 101999 a prime number?
True
Is 1491635 prime?
False
Is 24403 a composite number?
True
Is 642359 composite?
False
Is 517 a prime number?
False
Is 33911 a prime number?
True
Is 76303 a composite number?
False
Is 912895 a composite number?
True
Is 14302 a composite number?
True
Is 134327 composite?
False
Is 5917 prime?
False
Is 1491227 composite?
False
Is 840527 a prime number?
False
Is 851 prime?
False
Is 9505 composite?
True
Is 107567 a composite number?
True
Is 36145 a prime number?
False
Is 16249 a prime number?
True
Is 16811 composite?
False
Is 23719 prime?
True
Is 34823 a prime number?
False
Is 123869 prime?
False
Is 308213 prime?
True
Is 2503 prime?
True
Is 609859 composite?
False
Is 5671 a composite number?
True
Is 1724057 a prime number?
False
Is 32419 a prime number?
False
Is 16615 composite?
True
Is 26449 composite?
False
Is 6353 composite?
False
Is 204961 prime?
False
Is 16381 a prime number?
True
Is 105997 a prime number?
True
Is 13957 prime?
False
Is 171505 a composite number?
True
Is 840391 a prime number?
False
Is 19731 a prime number?
False
Is 278471 a composite number?
True
Is 181721 a composite number?
False
Is 139067 prime?
True
Is 41269 composite?
False
Is 112741 a prime number?
True
Is 419 a composite number?
False
Is 53461 composite?
True
Is 20431 composite?
False
Is 461939 a composite number?
True
Is 65677 a composite number?
False
Is 108523 a composite number?
True
Is 46621 a composite number?
True
Is 654187 a prime number?
True
Is 22613 composite?
False
Is 8329 a prime number?
True
Is 113 a prime number?
True
Is 7171 composite?
True
Is 70891 prime?
True
Is 11923 a prime number?
True
Is 361943 a prime number?
True
Is 457117 a composite number?
False
Is 5153 a prime number?
True
Is 83 a prime number?
True
Is 80813 a composite number?
True
Is 2922869 composite?
True
Is 39205 a prime number?
False
Is 8700511 prime?
True
Is 32377 a prime number?
True
Is 103889 prime?
True
Is 41663 composite?
True
Is 28103 a prime number?
False
Is 7427 prime?
False
Is 110183 prime?
True
Is 291 a prime number?
False
Is 219389 prime?
True
Is 11437 composite?
False
Is 235255 a composite number?
True
Is 110321 prime?
True
Is 1637 a prime number?
True
Is 21763 prime?
False
Is 308873 a composite number?
True
Is 26479 prime?
True
Is 6373 composite?
False
Is 27147 a prime number?
False
Is 35147 a prime number?
False
Is 4227 a composite number?
True
Is 11299 prime?
True
Is 379 prime?
True
Is 13853 a composite number?
True
Is 1006045 composite?
True
Is 13081 composite?
True
Is 2538651 a prime number?
False
Is 21559 prime?
True
Is 448811 composite?
True
Is 14533 composite?
False
Is 66431 prime?
True
Is 3675797 a prime number?
False
Is 1669 prime?
True
Is 6521 a composite number?
False
Is 276007 a prime number?
True
Is 202729 pri